{"id":1460,"date":"2016-02-07T15:50:06","date_gmt":"2016-02-07T13:50:06","guid":{"rendered":"http:\/\/www.pgrosenfeld.de\/?page_id=1460"},"modified":"2022-05-11T09:50:25","modified_gmt":"2022-05-11T07:50:25","slug":"leitbild","status":"publish","type":"page","link":"https:\/\/www.pgrosenfeld.de\/?page_id=1460","title":{"rendered":"Leitbild"},"content":{"rendered":"<table width=\"98%\">\n<tbody>\n<tr>\n<td width=\"11%\">R<\/td>\n<td width=\"87%\">\u00fccksichtnahme und Respekt, Zuverl\u00e4ssigkeit und Hilfsbereitschaft, Verantwortungs- und Pflichtbewusstsein stehen in unserer Schule als grundlegende Werte an erster Stelle.<\/td>\n<\/tr>\n<tr>\n<td width=\"11%\">O<\/td>\n<td width=\"87%\">berstes Ziel ist die Vermittlung von Kenntnissen\/Wissen und Fertigkeiten, denn eine fundierte Allgemeinbildung ist die beste Grundlage f\u00fcr das zuk\u00fcnftige Leben und die Arbeitswelt. Unsere Sch\u00fcler und Sch\u00fclerinnen\/Kinder sollen zu Pers\u00f6nlichkeiten mit eigenst\u00e4ndiger und kritischer Urteilf\u00e4higkeit heranwachsen.<\/td>\n<\/tr>\n<tr>\n<td width=\"11%\">S<\/td>\n<td width=\"87%\">oziale F\u00e4higkeiten wie Teamarbeit, gemeinsame Problem- und Konfliktl\u00f6sung und gegenseitige Unterst\u00fctzung werden an unserer Schule durch Projekte und AG&#8217;s gef\u00f6rdert. Dadurch kann sich Eigeninitiative, Selbstst\u00e4ndigkeit und Kreativit\u00e4t besser entwickeln.<\/td>\n<\/tr>\n<tr>\n<td width=\"11%\">E<\/td>\n<td width=\"87%\">ine gute Schulatmosph\u00e4re ist notwendige Grundlage f\u00fcr Leistungsbereitschaft, Leistungsf\u00e4higkeit und Lernerfolge. Wir sind stets darauf bedacht, sie an unserer Schule zu erhalten.<\/td>\n<\/tr>\n<tr>\n<td width=\"11%\">N<\/td>\n<td width=\"87%\">eben Naturwissenschaften und Mathematik legen wir gro\u00dfen Wert auf das Erlernen von Fremdsprachen, welches durch Sch\u00fcleraustausch und Partnerschaftsprogramme vertieft wird.<\/td>\n<\/tr>\n<tr>\n<td width=\"11%\">F<\/td>\n<td width=\"87%\">\u00e4cher wie Kunst, Musik und Sport haben an unserer Schule einen ebenso hohen Stellenwert, da sie die Entfaltung individueller F\u00e4higkeiten, Kreativit\u00e4t und die Gesundheit unterst\u00fctzen.<\/td>\n<\/tr>\n<tr>\n<td width=\"11%\">E<\/td>\n<td width=\"87%\">rhalt und das zuk\u00fcnftige Bestehen unserer Schule ist uns ein weiteres wichtiges Anliegen, denn in unserer \u00dcberschaubarkeit liegt unsere gro\u00dfe St\u00e4rke gegen\u00fcber der Anonymit\u00e4t in anderen Schulen.<\/td>\n<\/tr>\n<tr>\n<td width=\"11%\">L<\/td>\n<td width=\"87%\">ehrer, Eltern und Sch\u00fcler arbeiten an unserer Schule fair, konstruktiv und zum Vorteil aller vertrauensvoll zusammen.<\/td>\n<\/tr>\n<tr>\n<td width=\"11%\">D<\/td>\n<td width=\"87%\">urch stete\/regelm\u00e4\u00dfige Kontrolle \u00fcberpr\u00fcfen wir, ob unsere Zielsetzungen umgesetzt werden und unsere Grunds\u00e4tze im Handeln aller wieder zu erkennen sind.<\/td>\n<\/tr>\n<\/tbody>\n<\/table>\n<p>Die Umsetzung unseres Leitbildes zeigt sich auch im Bereich der Pr\u00e4vention. Dieser basiert auf Gewaltpr\u00e4vention, Gesundheitsvorsorge und Suchtpr\u00e4vention, die ein gutes Miteinander, eine positive Grundhaltung zum Leben und eine Entwicklung personaler und sozialer Kompetenzen erm\u00f6glichen.\u00a0 Dies findet sowohl auf individueller, auf Klassen-und schulischer Ebene statt.<\/p>\n<p>Wir orientieren uns zudem am Konzept \u2018stark.st\u00e4rker.WIR\u2019.<\/p>\n","protected":false},"excerpt":{"rendered":"<p>R \u00fccksichtnahme und Respekt, Zuverl\u00e4ssigkeit und Hilfsbereitschaft, Verantwortungs- und Pflichtbewusstsein stehen in unserer Schule als grundlegende Werte an erster Stelle. <a class=\"more-link\" href=\"https:\/\/www.pgrosenfeld.de\/?page_id=1460\">mehr &rarr;<\/a><\/p>\n","protected":false},"author":1,"featured_media":0,"parent":0,"menu_order":0,"comment_status":"closed","ping_status":"closed","template":"","meta":{"footnotes":""},"class_list":["post-1460","page","type-page","status-publish","hentry"],"_links":{"self":[{"href":"https:\/\/www.pgrosenfeld.de\/index.php?rest_route=\/wp\/v2\/pages\/1460","targetHints":{"allow":["GET"]}}],"collection":[{"href":"https:\/\/www.pgrosenfeld.de\/index.php?rest_route=\/wp\/v2\/pages"}],"about":[{"href":"https:\/\/www.pgrosenfeld.de\/index.php?rest_route=\/wp\/v2\/types\/page"}],"author":[{"embeddable":true,"href":"https:\/\/www.pgrosenfeld.de\/index.php?rest_route=\/wp\/v2\/users\/1"}],"replies":[{"embeddable":true,"href":"https:\/\/www.pgrosenfeld.de\/index.php?rest_route=%2Fwp%2Fv2%2Fcomments&post=1460"}],"version-history":[{"count":14,"href":"https:\/\/www.pgrosenfeld.de\/index.php?rest_route=\/wp\/v2\/pages\/1460\/revisions"}],"predecessor-version":[{"id":4717,"href":"https:\/\/www.pgrosenfeld.de\/index.php?rest_route=\/wp\/v2\/pages\/1460\/revisions\/4717"}],"wp:attachment":[{"href":"https:\/\/www.pgrosenfeld.de\/index.php?rest_route=%2Fwp%2Fv2%2Fmedia&parent=1460"}],"curies":[{"name":"wp","href":"https:\/\/api.w.org\/{rel}","templated":true}]}}